 Give c(-5).
-3
Let z(t) = 45*t - 30. What is z(5)?
195
Let l(b) = -b**2 - 30*b - 160. What is l(-7)?
1
Let i(c) = -38*c**2 - c - 2. What is i(-1)?
-39
Let x(b) = 3*b - 2. Calculate x(-3).
-11
Let m(b) = -b**3 - 6*b**2 - 5*b + 10. Calculate m(-3).
-2
Let l(w) = -w**2 - 9*w - 14. Determine l(-3).
4
Let j(s) = 5*s + 5. Calculate j(-2).
-5
Let u(y) = y**2 + 4*y - 9. Calculate u(-5).
-4
Let h(p) = -8*p - 206. Calculate h(-29).
26
Let i(q) = -q**3 + 4*q**2 - 6*q + 46. Give i(5).
-9
Let b(q) = -q**2 + 9*q + 35. What is b(12)?
-1
Let b(h) = -h**2 - 8*h + 4. Determine b(-7).
11
Let g(o) = o**3 + 2*o**2 + 10. Calculate g(0).
10
Let q(m) = -5*m - 2. Determine q(-1).
3
Let p(b) = -b**2 - 8*b - 9. Calculate p(-7).
-2
Let o(v) = -v**3 + 41*v**2 + 81*v + 210. Calculate o(43).
-5
Let b(z) = z**2 + 32*z + 110. What is b(-26)?
-46
Let z(n) = 2*n + 30. Give z(-10).
10
Let i(a) = -a**2 - 8*a + 2. What is i(-10)?
-18
Let y(b) = -b + 1. Give y(6).
-5
Let n(q) = q**2 - 3*q + 5. What is n(4)?
9
Let f(w) = w + 1. Determine f(-6).
-5
Let b(w) = -w**2 + 6*w - 15. Give b(4).
-7
Let f(k) = -k**3 + 10*k**2 + 10*k + 17. What is f(11)?
6
Let s(w) = -w**3 - 9*w**2 - 7*w + 11. Determine s(-8).
3
Let p(b) = -b**3 + 35*b**2 - 47*b + 441. Calculate p(34).
-1
Let k(q) = 2*q**3 + 2*q**2 - 8*q + 4. What is k(1)?
0
Let b(i) = -3*i - 62. Give b(-25).
13
Let p(r) = 2*r. Calculate p(-3).
-6
Let k(b) = b**3 - 13*b**2 - 20*b - 1. What is k(14)?
-85
Let w(t) = 9*t**3 + t**2 + t - 2. What is w(-2)?
-72
Let v(f) = f**3 + 15*f**2 + f + 8. Determine v(-15).
-7
Let q(i) = i**3 - 3*i**2 - i - 4. Calculate q(4).
8
Let o(i) = -i**2 - 18*i + 7. Give o(-11).
84
Let l(t) = -t**3 - 5*t**2 + 4*t + 56. Give l(0).
56
Let r(a) = a - 1. What is r(-3)?
-4
Let w(l) = -l**2 - 12*l - 13. Give w(-9).
14
Let p(z) = 5*z**2 - 8*z + 2. What is p(4)?
50
Let l(a) = -a**3 + 7*a**2 - a - 5. Give l(6).
25
Let f(x) = 38*x - 110. Determine f(3).
4
Let p(u) = 3*u**2 + 20*u + 64. Determine p(-5).
39
Let i(k) = k**2 - 11*k + 12. What is i(6)?
-18
Let w(q) = q**3 + 7*q**2 + 3*q - 10. What is w(-6)?
8
Let f(o) = o**3 + 7*o**2 + 14*o + 18. Give f(-5).
-2
Let n(i) = -4*i. Determine n(1).
-4
Let x(g) = -7*g**3 - g**2. Determine x(-1).
6
Let p(v) = v**3 - 12*v**2 - 30. Calculate p(12).
-30
Let h(m) = 2*m - 18. What is h(8)?
-2
Let m(h) = -32*h + 116. Give m(4).
-12
Let b(a) = -9*a - 51. What is b(-6)?
3
Let y(l) = l**3 + 12*l**2 + 9*l - 7. Determine y(-11).
15
Let v(a) = -a**3 + 17*a**2 - 16*a - 18. Determine v(16).
-18
Let s(q) = q**3 + 3*q**2 - 6*q - 8. Determine s(-4).
0
Let r(y) = -45*y + 50. Give r(-4).
230
Let d(l) = l - 1. Calculate d(-4).
-5
Let n(l) = -22*l - 169. Calculate n(-7).
-15
Let y(d) = 8*d**2 - 63*d - 8. Determine y(8).
0
Let t(q) = -q**3 - 6*q**2 - 2*q + 5. Determine t(-5).
-10
Let c(l) = -l**3 - 12*l**2 - 13*l + 1. Calculate c(-11).
23
Let i(h) = -h**3 + 15*h**2 + 4*h - 4. What is i(15)?
56
Let c(v) = v**3 + 12*v**2 + v + 1. What is c(-12)?
-11
Let v(n) = -n**3 - 15*n**2 - n - 17. What is v(-15)?
-2
Let q(k) = -k + 2. Determine q(17).
-15
Let q(z) = 6*z. Calculate q(7).
42
Let g(p) = -p + 114. What is g(0)?
114
Let y(s) = -2*s**3 + 12*s**2 - 9*s + 11. What is y(5)?
16
Let r(j) = 2*j**3 - 10*j**2 + j + 11. What is r(5)?
16
Let u(f) = -2*f**2 + 2*f - 1. Give u(-2).
-13
Let s(b) = -b**3 - 5*b**2 + 3. Give s(-4).
-13
Let f(o) = 6*o + 76. Calculate f(-16).
-20
Let t(o) = o**3 + o**2 - 2*o + 11. Calculate t(0).
11
Let b(w) = -63*w + 259. What is b(4)?
7
Let n(h) = h**3 + 9*h**2 - 35*h + 9. Give n(-12).
-3
Let u(h) = h - 5. Determine u(11).
6
Let l(s) = -s**3 + 8*s**2 - s + 11. What is l(8)?
3
Let r(w) = 8*w - 242. Give r(30).
-2
Let d(m) = -14*m - 30. Give d(-3).
12
Let m(k) = -k**3 + 9*k**2 - k + 10. What is m(8)?
66
Let v(r) = -r - 1. What is v(9)?
-10
Let o(i) = -i**3 - 11*i**2 - 21*i + 17. Calculate o(-8).
-7
Let s(t) = 3*t**2 - 3*t + 4. Determine s(4).
40
Let m(w) = -7*w - 305. Calculate m(-40).
-25
Let x(p) = -p**3 - 32*p**2 - 16*p - 519. Determine x(-32).
-7
Let c(j) = 10*j + 5. Determine c(3).
35
Let m(y) = y - 2. Calculate m(-2).
-4
Let d(p) = -p**3 + 3*p**2 + 2. Calculate d(3).
2
Let d(k) = -k**3 - 22*k**2 + 2*k + 28. Calculate d(-22).
-16
Let x(g) = 8*g**2 + 2. What is x(-1)?
10
Let k(w) = w**2 - 21*w - 214. Determine k(-7).
-18
Let q(g) = -g**3 - 10*g**2 + 5*g. What is q(-11)?
66
Let d(b) = 8*b**3 - 4*b**2 - 4*b - 2. What is d(-2)?
-74
Let p(i) = i**2 + 7*i - 47. Give p(-12).
13
Let g(j) = -j**3 + 59*j**2 - 58*j + 6. Give g(58).
6
Let r(y) = -y**2 + 2*y + 43. Determine r(8).
-5
Let n(b) = -b**3 - 3*b**2 + 3*b - 8. What is n(-4)?
-4
Let p(w) = 16*w - 208. Calculate p(13).
0
Let k(m) = -2*m - 5. Give k(-2).
-1
Let n(l) = l**3 - 9*l**2 + 13*l - 5. Give n(7).
-12
Let w(f) = f**3 + 4*f**2 - 16*f - 10. What is w(-6)?
14
Let h(m) = 4*m**3 - m**2 - 3*m - 1. Give h(-1).
-3
Let o(c) = c**3 + 9*c**2 - 38*c - 27. Calculate o(-12).
-3
Let u(p) = -3*p**2 - 13*p + 7. Calculate u(-5).
-3
Let r(q) = 4*q**2 - 2*q. Determine r(3).
30
Let w(i) = -6*i**2 - 33*i + 85. Give w(2).
-5
Let k(t) = 16*t**2 - 5*t - 5. Determine k(-1).
16
Let c(t) = t**3 - 11*t**2 + t + 10. Give c(11).
21
Let o(m) = m**3 + 2*m**2 - m - 7. What is o(-4)?
-35
Let p(n) = -n**3 + 8*n**2 - 5*n + 1. Determine p(5).
51
Let h(l) = -l**3 + 49*l**2 - 294*l - 7. Give h(42).
-7
Let w(h) = -8*h. What is w(-3)?
24
Let l(z) = -z**2 + 11*z - 1. What is l(6)?
29
Let g(k) = -k + 1. Calculate g(9).
-8
Let y(p) = 3*p**2 - 2*p - 7. Give y(-2).
9
Let j(v) = v**3 + 21*v**2 - 2*v - 43. Give j(-21).
-1
Let f(v) = v**3 + 10*v**2 - 6*v - 1. Give f(-11).
-56
Let h(v) = -v**3 + 6*v**2 - 5*v - 4. What is h(4)?
8
Let t(f) = f**3 - 25*f**2 + 33*f - 31. Give t(24).
185
Let v(q) = -q**2 + 3*q + 7. Give v(6).
-11
Let y(o) = o**3 - 7*o**2 + o + 17. Determine y(7).
24
Let u(l) = l**2 + 7*l - 26. Give u(-6).
-32
Let v(h) = h**2 - 8*h + 7. Give v(5).
-8
Let q(x) = x**3 - 6*x**2 - 6*x - 10. What is q(7)?
-3
Let w(l) = 8*l - 25. Give w(3).
-1
Let s(a) = -6*a**3 + 2*a. Give s(-2).
44
Let t(y) = -y**3 + 2*y**2. Give t(3).
-9
Let h(x) = 34*x - 84. Calculate h(3).
18
Let b(t) = -t**3 - 10*t**2 - 8*t + 2. Calculate b(-9).
-7
Let m(i) = i**2 + 12*i - 39. What is m(-18)?
69
Let m(u) = u**3 - 7*u**2 - 16*u + 7. Determine m(9).
25
Let n(m) = m**2 - 18*m + 53. Calculate n(13).
-12
Let t(v) = -11*v + 66. Give t(6).
0
Let j(n) = -n**3 - 7*n**2 - 4*n + 13. What is j(-6)?
1
Let o(t) = -27*t**3 - 1. Calculate o(-1).
26
Let r(g) = 4*g + 2. Determine r(5).
22
Let b(s) = -s**2 - 7*s + 19. Give b(-13).
-59
Let u(d) = -55*d + 49. What is u(1)?
-6
Let r(w) = w**3 - 6*w**2 + 4*w + 2. Calculate r(4).
-14
Let q(v) = -2*v**2 - 26*v - 13. Calculate q(-12).
11
Let g(m) = 22*m**2 + 10*m - 9. Give g(1).
23
Let q(f) = -f**2 - 6*f - 3. What is q(-8)?
-19
Let j(f) = 4*f**2 + 2*f + 2. Give j(-1).
4
Let a(h) = h**3 + 10*h**2 - 55*h - 12. Give a(4).
-8
Let m(n) = -n**3 + n**2 + n - 4. What is m(3)?
-19
Let a(i) = -23*i + 18. What is a(2)?
-28
Let m(u) = u**3 + 4*u**2 + u + 4. What is m(-3)?
10
Let b(s) = -s**3 + 11*s**2 - 10*s - 2. Determine b(10).
-2
Let c(i) = -10*i - 45. Determine c(-5).
5
Let a(x) = x**2 + 11*x - 8. Give a(-11).
-8
Let d(b) = b**2 - 3*b - 2. What is d(4)?
2
Let t(s) = -s**2 - 12*s - 2. Calculate t(-4).
30
Let f(y) = 3*y + 6. Give f(5).
21
Let n(f) = 2*f**2 - 9*f + 10. What is n(5)?
15
Let x(c) = 2*c**2 + 58*c + 111. Calculate x(-28).
55
Let m(f) = f**2 - 5*f - 1. Determine m(5).
-1
Let d(g) = 2*g + 14. Give d(6).
26
Let j(i) = i**2 + i - 15. Give j(-7).
27
Let w(f) = 3*f - 16. What is w(7)?
5
Let m(d) = -16*d - 70. Calculate m(-4).
-6
Let q(l) = -l**3 - 13*l**2 + 9*l - 7. What is q(-14)?
63
Let c(j) = -44*j**3 - j. Give c(1).
-45
Let s(g) = g**2 - 4*g - 1. Calculate s(5).
4
Let i(x) = 19*x**2 - x. What is i(1)?
18
Let p(g) = -g**2 + g - 54. Give p(0).
-54
Let y(q) = -q**2 + 17*q + 93. What is y(21)?
9
Let j(u) = 2*u - 36. Determine j(19).
2
Let j(q) = -q**3 + 18*q**2 + 19*q - 2. Determine j(19).
-2
Let s(i) = 2*i - 56. Calculate s(0).
-56
Let r(y) = y**2 + 7*y + 10. Calculate r(-6).
4
Let c(v) = 3*v**2 - 7*v + 3. What is c(5)?
43
Let b(k) = -19*k - 6. Calculate b(2).
-44
Let s(j) = -j**3 + j**2 + 3*j - 1. Calculate s(4).
-37
Let q(g) = -26*g - 309. Calculate q(-12).
3
Let c(u) = -u. Calculate c(-5)